 the prime factors of g?
5
Let k(t) = -t - 1. Let s be k(-3). Suppose -s*z = 3*z. Suppose g - 7 = -z*g. What are the prime factors of g?
7
Suppose 287 = 8*z - z. List the prime factors of z.
41
Suppose 0 = 5*y - w - 41, -3*w + 21 = 5*y - 2*y. Suppose 3*u + 12 = -s, 6*s - 4*s - 2*u + y = 0. List the prime factors of (-3)/s - (-54)/4.
2, 7
Suppose -3*k - 86 = -0*g - 4*g, 2*k = -3*g + 73. List the prime factors of g.
23
Let s(a) be the second derivative of a**4/12 - 4*a**3/3 + 2*a**2 - a. Suppose 5*j = 24 + 16. What are the prime factors of s(j)?
2
Let n(z) = z + 11. Let q be n(-7). Suppose 0 = q*f - 7*f - 90. Let c = f + 42. What are the prime factors of c?
2, 3
Let v(k) = -6*k - 5. What are the prime factors of v(-6)?
31
Suppose 2*h = -7*h + 18. Suppose 0 = -2*r + 3*u + 3, r + u = -r - 1. Suppose 4 = h*t - r. List the prime factors of t.
2
Let u be (19/(-5) + 1)*-70. List the prime factors of -2*(u/(-8) - -4).
41
Let p(y) = y**2 - y - 3. Let t be p(3). Suppose 0 = -t*s + 4 - 13. What are the prime factors of (2 - s)/1 + 1?
2, 3
Suppose 5*a + 112 = 4*k, k - 22 - 6 = -2*a. Suppose 0 = 5*r - 72 - k. Let t = 30 - r. List the prime factors of t.
2, 5
Let z(i) be the second derivative of i**4/6 - i**2 - 7*i. What are the prime factors of z(-2)?
2, 3
Let u = 22 + -13. Suppose 0 = -5*n + 54 - u. What are the prime factors of n?
3
Let k be (-4)/18 + (-32)/18. Let l(n) = -n**3 + 6*n**2 - 4*n + 2. Let y be l(5). Let o = k + y. List the prime factors of o.
5
Let n(l) = -l**3 - 9*l**2 - 7*l + 8. Let x be n(-8). Let y be x - -2*(-5)/(-2). List the prime factors of 3/y + 37/5.
2
Let v(z) = z**2 + 3*z + 5. List the prime factors of v(-2).
3
Let j(q) = q**2 + 4. Let i(c) = -5*c**2 + 5. Let n(s) = -4*s**2 + 5. Let g(t) = -5*i(t) + 6*n(t). Let r(z) = 6*g(z) - 7*j(z). List the prime factors of r(0).
2
Suppose -m + 3*r - 5 = 0, -5*m = -4*r - r - 15. List the prime factors of m.
7
Let f be (18/(-8))/(6/(-16)). Let u(t) = t**3 - 6*t**2 - t - 5. Let w be u(f). List the prime factors of (w - -5)/((-4)/6).
3
Suppose 5*l = 4*c - 297, -4*c - 2*l + 211 = -107. What are the prime factors of c?
2, 3, 13
Let o(x) = -x**2 - 8*x - 7. Let l be o(-6). Let w = 8 + l. What are the prime factors of w?
13
Let v(x) = 24*x - 6. What are the prime factors of v(7)?
2, 3
Let y = 9 + -7. Suppose -49 = -y*d - 5*p, -3 + 2 = -p. List the prime factors of d.
2, 11
Suppose -z + 428 = -0*m - 5*m, -5*z - 2*m = -2086. What are the prime factors of z?
2, 11, 19
Let z(s) = 7*s + 52. What are the prime factors of z(7)?
101
Let z = 66 + -26. Suppose 5*y = 5*p + z, 0*p - 3*p = 2*y + 14. List the prime factors of (6/4)/(p/(-56)).
2, 7
Let w be (-3)/(-6) - (-33)/6. Let l be -3 + w - (0 - -1). Suppose -b + 2*r + 13 = 3*r, l*r = -5*b + 53. List the prime factors of b.
3
Suppose -5*k + 2 = -8. Suppose -46 = 2*n - 5*n + a, -k*a = 2. What are the prime factors of (4/(-12))/((-1)/n)?
5
Suppose -5*c = -2*v + 36 - 10, 2*c = 0. What are the prime factors of v?
13
Suppose 0 = -4*u + 12. Suppose -u*r + 184 = r. List the prime factors of r.
2, 23
Let j be 2 - (4/(-2) - -4). Suppose 0 = -c + 5 - 1. Suppose -2*s + c + 4 = j. What are the prime factors of s?
2
Let z(y) = 24*y**2 - 7*y + 11. What are the prime factors of z(2)?
3, 31
Let y(f) = f**2 - 3*f - 4. Let v(q) = -q**2 + 2*q + 4. Suppose m + 1 = 4. Let x(d) = m*y(d) + 4*v(d). List the prime factors of x(0).
2
Let w(l) = -l**3 - 7*l**2 - 9*l - 5. Let t be 3 - (0 - (-2 + -7)). What are the prime factors of w(t)?
13
Let m = 11 + 22. What are the prime factors of m?
3, 11
Let v(f) = -f + 4. Let d be v(4). Suppose d = l - 5*l. Suppose l*q = 4*q - 32. What are the prime factors of q?
2
Let g = 90 + -47. List the prime factors of g.
43
Let m = 22 - 6. What are the prime factors of m?
2
Suppose 0 = -4*a + 4*v + 20, -4*v - 27 = -2*a - 11. Suppose -r + 2*r = -a. Let h = 12 - r. List the prime factors of h.
2, 7
Suppose 2*n - 6*n + w = -631, -4*w + 794 = 5*n. List the prime factors of n.
2, 79
Let n(z) = 2*z + 36. What are the prime factors of n(17)?
2, 5, 7
Let u(h) = 2*h**2 - 8*h + 6. List the prime factors of u(7).
2, 3
Suppose -11*u + 6*u + 10 = 0. Suppose -j - 200 = -5*c, u*c - c = -j + 46. What are the prime factors of c?
41
Let r = 50 - 36. Suppose 0 = p + 4*x - 16, x - 3*x + r = 2*p. List the prime factors of p.
2
Let c(z) = 3*z - 2. Let p be c(-6). Let d = 2 - 1. What are the prime factors of d/5 + (-396)/p?
2, 5
Let q(l) = 6*l - 7 + 4*l + l - l**2. Suppose 2*s = -3*d + 17, 5*s + 4 = 2*d + 56. What are the prime factors of q(s)?
3
Let u(p) = -p**3 - 6*p**2 - 3*p + 5. Let o(j) = -4*j**2 + j. Let v be o(-1). Let c be u(v). Let k = 12 + c. What are the prime factors of k?
7
Let o(h) = 107*h + 2. What are the prime factors of o(1)?
109
Suppose 17 = 4*u - d, -3*u + 3*d + 0*d + 24 = 0. Let p = u - 5. List the prime factors of 14 + (0/1)/p.
2, 7
Let z = -2 + -9. Let c(s) = -2*s - 6. Let r be c(5). Let y = z - r. What are the prime factors of y?
5
Let r = 51 - -150. What are the prime factors of r?
3, 67
Let m = -4 - -6. What are the prime factors of (-8)/(-6)*m*6?
2
Let u be (3/4)/(7/(-56)). Let i be (2/(u/45))/1. Let b = -7 - i. What are the prime factors of b?
2
Suppose 0 = 2*g - 6*g + 88. Suppose g = 4*f - 2*f. What are the prime factors of f?
11
Suppose -16 = k + 3*k. Let w(u) = -u - 1. Let a(i) = -i**2 - 4*i - 3. Let p(j) = a(j) + 3*w(j). List the prime factors of p(k).
2, 3
Suppose 0 = 2*z + 3*z - 20. Suppose -a + 0 = z. Let f = a + 8. List the prime factors of f.
2
Let a(u) be the third derivative of -u**6/120 + u**5/60 + u**3/3 - u**2. What are the prime factors of a(0)?
2
Suppose -5*s + 2*s = -12. Suppose -4*k + 140 = 2*l, -4*k - 256 = -s*l - 0*k. What are the prime factors of ((-5)/((-15)/l))/2?
11
Let y(o) = 2*o**2 - o**2 - 3 - 4*o**2 - o + o**3 + 0. List the prime factors of y(4).
3
Suppose -3*q = -0*q - 5*r - 11, 0 = 3*q + r + 13. List the prime factors of 102/7 + q/(-7).
3, 5
Let b be (-5 - -7)/((-2)/(-5)). Suppose -b*h = r - 15, -r - 5*h + 75 = 3*r. What are the prime factors of r?
2, 5
Suppose m = 2*m - 2, -5*o = 4*m - 63. List the prime factors of o.
11
Let t(v) be the second derivative of v**5/20 + v**4/12 + v**3/6 + 5*v**2/2 + 3*v. What are the prime factors of t(0)?
5
Let o be 3/(-3)*6 + -2. Let n = 2 + o. Let q = -3 - n. List the prime factors of q.
3
Suppose -135 = 3*g - 462. List the prime factors of g.
109
Let w = -10 + 17. Suppose 5 = 2*z - w. List the prime factors of z.
2, 3
Suppose -2*y - 3*h = -y - 35, -5*h = -5*y + 195. Let n = y - 23. List the prime factors of n.
3, 5
List the prime factors of (-4)/26 + 3130/65.
2, 3
Let c(h) = -2*h + 4. Let m(z) = 3*z - 5. Let s(v) = -4*c(v) - 3*m(v). Let a be s(-1). Suppose 3*u - 6*u + 15 = a. What are the prime factors of u?
5
Suppose 0 = -4*s + 3*j + 2, 5*s - 4*j = 2. List the prime factors of s/7 - 666/(-21).
2
Let n = -88 - -137. Suppose 2*y - 3*r = r + 52, -4*y + n = 3*r. What are the prime factors of y?
2
Let p be 1/(-2)*0 - -4. Suppose 4*c - 28 + 11 = g, 4*c - 3*g - 27 = 0. What are the prime factors of (-10)/(-8) + c/p?
2
Let c(i) = i**2 - 4*i + 4. Let g = 22 - 16. What are the prime factors of c(g)?
2
Let q = -9 + 59. Suppose 2*g + 5*t = q, -3*g - 5*t + 110 = 2*g. What are the prime factors of g?
2, 5
Let q = 139 - 14. Let n = -84 + q. What are the prime factors of n?
41
Let t be -2 + 3 + (-4)/(-2). Let s = t + -1. Suppose -6 = -2*l + 5*w, -3*w - 6 = -s*l - 7*w. What are the prime factors of l?
3
Let o = -8 + 7. List the prime factors of o/2 - 104/(-16).
2, 3
Let d = -70 + 48. Let k = d - -31. List the prime factors of k.
3
Let i(l) = -3*l + 7. List the prime factors of i(-5).
2, 11
Suppose g - 2*l - 2 = 0, -5*g - 2*l - 34 = -l. Let q be 34/g + 1/(-3). Let j = q + 14. What are the prime factors of j?
2
Suppose 45 + 19 = 4*o. Let j = o + -10. What are the prime factors of j?
2, 3
Let m(c) = -5*c**3 + 4 + 6*c**3 + 6*c**2 - 6*c + 0*c**3. What are the prime factors of m(-6)?
2, 5
Suppose -2*f + 5*f = 9. Suppose 0 = -4*z + z + 12. What are the prime factors of (z/(-10))/(f/(-30))?
2
Let x be 2*(5 + (1 - 4)). Suppose -x*o + 3*h + 16 + 25 = 0, -5*o + 2*h + 53 = 0. List the prime factors of o.
11
Suppose 0 = -3*z + 5*u + 21, 0 = 5*u + 1 + 14. Let l be (0 + z)*6/4. Suppose i + 24 = l*i. What are the p